401?
2
What is the hundred thousands digit of 40117455?
1
What is the millions digit of 200655266?
0
What is the hundred millions digit of 2392057937?
3
What is the ten thousands digit of 27763102?
6
What is the hundred thousands digit of 32088679?
0
What is the thousands digit of 21742345?
2
What is the thousands digit of 309434765?
4
What is the ten thousands digit of 151748937?
4
What is the tens digit of 57453683?
8
What is the units digit of 44822031?
1
What is the billions digit of 3184591732?
3
What is the units digit of 35193095?
5
What is the hundreds digit of 391149086?
0
What is the units digit of 44967235?
5
What is the thousands digit of 8554490?
4
What is the hundred millions digit of 1116442699?
1
What is the hundred thousands digit of 1686308967?
3
What is the millions digit of 75018136?
5
What is the hundred thousands digit of 36263154?
2
What is the hundred thousands digit of 848400708?
4
What is the ten millions digit of 62952238?
6
What is the tens digit of 56729391?
9
What is the hundred millions digit of 225220872?
2
What is the hundred thousands digit of 890422155?
4
What is the hundreds digit of 250177870?
8
What is the ten millions digit of 4382039038?
8
What is the millions digit of 58309699?
8
What is the hundred thousands digit of 95322465?
3
What is the hundreds digit of 16242155?
1
What is the thousands digit of 28364128?
4
What is the hundred millions digit of 434647826?
4
What is the hundred millions digit of 1479693343?
4
What is the hundreds digit of 174801334?
3
What is the hundred thousands digit of 6173334?
1
What is the hundred thousands digit of 327941530?
9
What is the ten millions digit of 1022985012?
2
What is the ten thousands digit of 575137?
7
What is the thousands digit of 38349642?
9
What is the ten millions digit of 4051526781?
5
What is the hundred millions digit of 121707244?
1
What is the millions digit of 1527091766?
7
What is the thousands digit of 59739296?
9
What is the hundred thousands digit of 40565567?
5
What is the hundreds digit of 211751096?
0
What is the millions digit of 803148943?
3
What is the ten millions digit of 39254196?
3
What is the tens digit of 206079827?
2
What is the millions digit of 1523418?
1
What is the tens digit of 72088015?
1
What is the ten millions digit of 922730807?
2
What is the ten thousands digit of 364201564?
0
What is the tens digit of 60647396?
9
What is the hundred thousands digit of 48637844?
6
What is the hundred thousands digit of 4319788784?
7
What is the hundred millions digit of 3227722387?
2
What is the tens digit of 29454414?
1
What is the ten millions digit of 84126663?
8
What is the units digit of 9335003?
3
What is the hundred millions digit of 173544943?
1
What is the hundred thousands digit of 200127144?
1
What is the thousands digit of 3667509?
7
What is the units digit of 2974136394?
4
What is the ten thousands digit of 6328297495?
9
What is the ten millions digit of 122800538?
2
What is the ten millions digit of 20405902?
2
What is the ten millions digit of 242196748?
4
What is the ten millions digit of 466053405?
6
What is the units digit of 102553476?
6
What is the ten millions digit of 50084462?
5
What is the units digit of 573617307?
7
What is the ten millions digit of 73980584?
7
What is the hundred thousands digit of 1198596?
1
What is the hundred thousands digit of 226583025?
5
What is the ten thousands digit of 18927307?
2
What is the hundred thousands digit of 902774932?
7
What is the hundreds digit of 3007094369?
3
What is the hundred thousands digit of 11131629?
1
What is the hundreds digit of 961597073?
0
What is the millions digit of 9720252?
9
What is the ten millions digit of 428051375?
2
What is the ten thousands digit of 30446652?
4
What is the thousands digit of 1743564303?
4
What is the hundreds digit of 94079301?
3
What is the hundred thousands digit of 19805027?
8
What is the ten millions digit of 136579327?
3
What is the hundred thousands digit of 111660031?
6
What is the tens digit of 606323736?
3
What is the units digit of 402712708?
8
What is the hundred thousands digit of 1998822321?
8
What is the hundred thousands digit of 14108379?
1
What is the hundred thousands digit of 2410509972?
5
What is the hundreds digit of 263798688?
6
What is the millions digit of 493081582?
3
What is the ten millions digit of 23966360?
2
What is the millions digit of 1465650737?
5
What is the thousands digit of 2474391?
4
What is the millions digit of 1093905039?
3
What is the thousands digit of 78837723?
7
What is the units digit of 1735862610?
0
What is the millions digit of 687279878?
7
What is the tens digit of 322196089?
8
What is the ten millions digit of 408729813?
0
What is the hundreds digit of 2996642555?
5
What is the hundreds digit of 407033407?
4
What is the millions digit of 6846904?
6
What is the hundreds digit of 618533003?
0
What is the units digit of 34029682?
2
What is the hundred thousands digit of 91231524?
2
What is the hundred thousands digit of 397083674?
0
What is the hundred thousands digit of 1657690?
6
What is the ten thousands digit of 2905770298?
7
What is the thousands digit of 42316847?
6
What is the hundred thousands digit of 983268107?
2
What is the millions digit of 23122872?
3
What is the hundred thousands digit of 741100262?
1
What is the tens digit of 167463673?
7
What is the units digit of 2893260892?
2
What is the units digit of 6443434537?
7
What is the units digit of 5854673968?
8
What is the millions digit of 44249653?
4
What is the units digit of 1691480660?
0
What is the hundred millions digit of 1117546042?
1
What is the thousands digit of 41205185?
5
What is the thousands digit of 328232734?
2
What is the hundred thousands digit of 4047247800?
2
What is the ten thousands digit of 116391186?
9
What is the hundreds digit of 38993347?
3
What is the hundred thousands digit of 376095082?
0
What is the units digit of 253390192?
2
What is the hundred millions digit of 307399108?
3
What is the hundred thousands digit of 445081334?
0
What is the thousands digit of 7872674?
2
What is the millions digit of 136036196?
6
What is the ten millions digit of 254434142?
5
What is the units digit of 171669475?
5
What is the units digit of 758863227?
7
What is the thousands digit of 86991359?
1
What is the thousands digit of 705525765?
5
What is the millions digit of 139207309?
9
What is the ten millions digit of 240367676?
4
What is the hundreds digit of 68687929?
9
What is the units digit of 4692818?
8
What is the thousands digit of 16516718?
6
What is the ten millions digit of 1072024276?
7
What is the thousands digit of 1208899312?
9
What is the units digit of 1707528161?
1
What is the millions digit of 105793317?
5
What is the units digit of 57797972?
2
What is the ten thousands digit of 337071400?
7
What is the ten millions digit of 906547207?
0
What is the units digit of 1734757085?
5
What is the ten millions digit of 1971758057?
7
What is the millions digit of 34716230?
4
What is the units digit of 3495473660?
0
What is the hundreds digit of 1092312444?
4
What is the tens digit of 102932097?
9
What is the ten thousands digit of 101445490?
4
What is the ten thousands digit of 195130288?
3
What is the tens digit of 1036015738?
3
What is the units digit of 775417063?
3
What is the millions digit of 969604041?
9
What is the millions digit of 2581936046?
1
What is the tens digit of 827951280?
8
What is the hundreds digit of 40225838?
8
What is the hundreds digit of 3419820899?
8
What is the units digit of 624878243?
3
What is the ten millions digit of 107780569?
0
What is the hundred millions digit of 293995418?
2
What is the units digit of 712497362?
2
What is the thousands digit of 176814058?
4
What is the thousands digit of 22348661?
8
What is the hundred millions digit of 144531269?
1
What is the tens digit of 258674579?
7
What is the hundreds digit of 64199609?
6
What is the hundred millions digit of 426065849?
4
What is the units digit of 73064759?
9
What is the units digit of 459541239?
9
What is the hundreds digit of 1340452?
4
What is the ten millions digit of 23588987?
2
What is the hundreds digit of 509541674?
6
What is the tens digit of 81234066?
6
What is the hundred thousands digit 